s divided by 731.
730
What is the remainder when 62127 is divided by 2301?
0
Calculate the remainder when 205815 is divided by 26.
25
Calculate the remainder when 481430 is divided by 1149.
1148
Calculate the remainder when 9245 is divided by 544.
541
Calculate the remainder when 23239 is divided by 31.
20
Calculate the remainder when 3533 is divided by 104.
101
What is the remainder when 463 is divided by 164?
135
What is the remainder when 13520 is divided by 3377?
12
What is the remainder when 4927 is divided by 1996?
935
What is the remainder when 2934 is divided by 35?
29
What is the remainder when 202083 is divided by 1475?
8
Calculate the remainder when 16183 is divided by 4042.
15
What is the remainder when 53497 is divided by 8916?
1
Calculate the remainder when 577159 is divided by 71.
0
What is the remainder when 552 is divided by 64?
40
What is the remainder when 8228 is divided by 41?
28
Calculate the remainder when 1487 is divided by 1.
0
What is the remainder when 96603 is divided by 79?
65
What is the remainder when 360 is divided by 133?
94
Calculate the remainder when 1206 is divided by 149.
14
What is the remainder when 37375 is divided by 1010?
5
Calculate the remainder when 73797 is divided by 89.
16
Calculate the remainder when 92208 is divided by 21.
18
Calculate the remainder when 106 is divided by 19.
11
Calculate the remainder when 26543 is divided by 334.
157
What is the remainder when 5429 is divided by 1?
0
Calculate the remainder when 16171 is divided by 5388.
7
Calculate the remainder when 9182 is divided by 4583.
16
What is the remainder when 201546 is divided by 100763?
20
Calculate the remainder when 4442110 is divided by 2169.
2167
Calculate the remainder when 15132 is divided by 353.
306
Calculate the remainder when 8709 is divided by 72.
69
Calculate the remainder when 1603 is divided by 77.
63
Calculate the remainder when 1210 is divided by 58.
50
Calculate the remainder when 52586 is divided by 1421.
9
Calculate the remainder when 1940 is divided by 129.
5
Calculate the remainder when 42302 is divided by 1032.
1022
Calculate the remainder when 4192 is divided by 452.
124
What is the remainder when 86804 is divided by 933?
35
What is the remainder when 63103 is divided by 27?
4
What is the remainder when 11722 is divided by 432?
58
Calculate the remainder when 603319 is divided by 64.
55
What is the remainder when 165525 is divided by 25?
0
What is the remainder when 6167 is divided by 57?
11
Calculate the remainder when 30071 is divided by 146.
141
What is the remainder when 381211 is divided by 1906?
11
Calculate the remainder when 16149 is divided by 34.
33
Calculate the remainder when 11874 is divided by 1954.
150
Calculate the remainder when 7087 is divided by 1694.
311
What is the remainder when 13103 is divided by 1375?
728
Calculate the remainder when 193047 is divided by 512.
23
Calculate the remainder when 24647 is divided by 39.
38
Calculate the remainder when 2990 is divided by 418.
64
What is the remainder when 5245 is divided by 676?
513
What is the remainder when 8503 is divided by 310?
133
Calculate the remainder when 39271 is divided by 754.
63
Calculate the remainder when 2120 is divided by 934.
252
Calculate the remainder when 1062 is divided by 157.
120
What is the remainder when 91775 is divided by 163?
6
Calculate the remainder when 7476 is divided by 443.
388
What is the remainder when 24066 is divided by 5999?
70
Calculate the remainder when 7184 is divided by 360.
344
What is the remainder when 4461 is divided by 920?
781
What is the remainder when 51588 is divided by 10?
8
What is the remainder when 47211 is divided by 58?
57
What is the remainder when 10106 is divided by 195?
161
What is the remainder when 87173 is divided by 22?
9
Calculate the remainder when 230184 is divided by 454.
6
What is the remainder when 266589 is divided by 4?
1
Calculate the remainder when 2101 is divided by 618.
247
What is the remainder when 61579 is divided by 36?
19
What is the remainder when 439046 is divided by 42?
20
Calculate the remainder when 20771 is divided by 519.
11
What is the remainder when 107461 is divided by 689?
666
Calculate the remainder when 145446 is divided by 60.
6
Calculate the remainder when 106035 is divided by 411.
408
What is the remainder when 22400 is divided by 17?
11
Calculate the remainder when 98485 is divided by 513.
502
Calculate the remainder when 10689 is divided by 177.
69
What is the remainder when 2663 is divided by 540?
503
What is the remainder when 30033 is divided by 116?
105
What is the remainder when 8446 is divided by 1624?
326
What is the remainder when 162611 is divided by 2008?
1971
Calculate the remainder when 46330 is divided by 231.
130
Calculate the remainder when 457344 is divided by 2659.
2655
Calculate the remainder when 6559 is divided by 501.
46
What is the remainder when 49049 is divided by 382?
153
Calculate the remainder when 18213 is divided by 8668.
877
Calculate the remainder when 3545544 is divided by 1993.
1990
Calculate the remainder when 26561 is divided by 8842.
35
What is the remainder when 5917 is divided by 2939?
39
Calculate the remainder when 13115 is divided by 6494.
127
Calculate the remainder when 46706 is divided by 2746.
24
Calculate the remainder when 17534 is divided by 3.
2
Calculate the remainder when 297932 is divided by 60.
32
What is the remainder when 72507 is divided by 1318?
17
Calculate the remainder when 2519 is divided by 475.
144
Calculate the remainder when 12348 is divided by 6168.
12
What is the remainder when 2476 is divided by 40?
36
Calculate the remainder when 94353 is divided by 113.
111
What is the remainder when 93107 is divided by 261?
191
Calculate the remainder when 4230340 is divided by 105.
100
Calculate the remainder when 12041 is divided by 668.
17
Calculate the remainder when 1190 is divided by 15.
5
What is the remainder when 9786 is divided by 39?
36
Calculate the remainder when 21695 is divided by 32.
31
What is the remainder when 29164 is divided by 270?
4
What is the remainder when 172882 is divided by 487?
484
Calculate the remainder when 23829 is divided by 404.
397
Calculate the remainder when 90611 is divided by 94.
89
What is the remainder when 25343 is divided by 317?
300
Calculate the remainder when 4817 is divided by 1182.
89
Calculate the remainder when 5133 is divided by 2367.
399
Calculate the remainder when 4057 is divided by 369.
367
Calculate the remainder when 397978 is divided by 132659.
1
Calculate the remainder when 3506 is divided by 337.
136
Calculate the remainder when 108120 is divided by 819.
12
What is the remainder when 5800 is divided by 19?
5
Calculate the remainder when 12145 is divided by 62.
55
What is the remainder when 20624 is divided by 404?
20
Calculate the remainder when 29524 is divided by 21.
19
Calculate the remainder when 254789 is divided by 245.
234
Calculate the remainder when 259183 is divided by 1211.
29
What is the remainder when 168894 is divided by 58?
56
What is the remainder when 34257 is divided by 60?
57
What is the remainder when 55396 is divided by 5531?
86
What is the remainder when 3137 is divided by 782?
9
What is the remainder when 110521 is divided by 27626?
17
What is the remainder when 176837 is divided by 9?
5
Calculate the remainder when 822 is divided by 407.
8
What is the remainder when 7441 is divided by 7438?
3
What is the remainder when 359187 is divided by 45?
42
Calculate the remainder when 46316 is divided by 120.
116
Calculate the remainder when 17390 is divided by 51.
50
Calculate the remainder when 56265 is divided by 12.
9
What is the remainder when 227142 is divided by 19?
16
Calculate the remainder when 28533 is divided by 38.
33
Calculate the remainder when 17587 is divided by 26.
11
Calculate the remainder when 354674 is divided by 619.
606
What is the remainder when 427212 is divided by 30514?
16
Calculate the remainder when 280837 is divided by 116.
1
What is the remainder when 45307 is divided by 15084?
55
What is the remainder when 8246 is divided by 8186?
60
Calculate the remainder when 17413 is divided by 5803.
4
What is the remainder when 85125 is divided by 803?
7
Calculate the remainder when